c - 1. Suppose -12*q = -13*q - 4. Determine h(q).
3
Let p(u) = -u**2 - 10*u + 16. Suppose -5*n + 2*s = 47, -5*n + 3 = -s + 54. Let r be p(n). Let k(x) = -x**2 + 6*x + 4. What is k(r)?
9
Suppose -l = -6*l + 25. Let m(u) = -u + 2. Give m(l).
-3
Let s(y) = -y + 1. Let b(r) = 9*r**2 + 4*r - 2*r - 2*r**2 - 5 + 2*r. Let f(w) = -b(w) - 6*s(w). Suppose -x = -1 - 0. Calculate f(x).
-6
Let k be -3*(10/3)/(-2). Let j(p) = p**2 - 5*p + 7. Calculate j(k).
7
Let d(f) = f + 2. Let i(b) = -b**2 + 5*b. Let h be i(4). Suppose -h = u - 2*u. Suppose 5*o + 16 = 2*z, -3*z - u*o = z + 24. Determine d(z).
0
Suppose -2*o + 5*g - 26 = 0, -4*g + 4 = -12. Let p(k) = k**2 + 4*k + 4. What is p(o)?
1
Let k = -14 + 19. Let c(p) = p**2 - 8*p + 5. What is c(k)?
-10
Let q(k) = 3*k - 9. Let z(b) = -b + 4. Let j(d) = -3*q(d) - 7*z(d). Determine j(4).
-9
Let b = -41 + 41. Let k(f) = f**2 + f. Give k(b).
0
Let u(q) be the second derivative of q**7/840 + q**4/6 - q**3/2 - 2*q. Let h(p) be the second derivative of u(p). Calculate h(0).
4
Let b(i) = -20*i**3 - 2*i - 1. Let n be b(-1). Suppose -4*v + 3*c = -13 - 0, 0 = -5*v - c + n. Let d(u) = -69 + 21 + u**2 - 3*u + 20 + 25. Determine d(v).
1
Let n(t) = -t - 6. Let o be (-1)/(1*(-1)/13). Suppose -3 = -2*w - o. Calculate n(w).
-1
Let f(b) = b - 1. Let r(z) = z. Let c(a) = f(a) - 2*r(a). Let o = 8 + -6. What is c(o)?
-3
Let x(w) = 3 + 2 + 5 - 6 - 5*w. Suppose k = y - 1, -4*k = 6*y - 4*y - 14. What is x(y)?
-11
Let k(i) be the first derivative of -i**3/3 + 4*i + 5. Let a = 4 - 2. Suppose m + 1 = -a. Give k(m).
-5
Let s(f) = f**3 - 2*f**2 + 5*f + 6. Let t(g) = g**3 + g**2 + 1. Let l(y) = -s(y) + 2*t(y). Calculate l(-5).
-4
Let j(d) = 5*d**3 - 4*d**2 + d + 9. Let z be 2*1/(-4)*-6. Let m(b) = 4*b**3 - 3*b**2 + b + 8. Let i(y) = z*j(y) - 4*m(y). Determine i(0).
-5
Let w(c) be the first derivative of c**2 + 2*c - 1. Let y be 15/5 + (-2)/(-2). Give w(y).
10
Let h(y) = y**3 - 4*y**2 + y - 5. Let d(g) = 5*g - 1. Let r be d(1). What is h(r)?
-1
Let a(n) = n**3 + 5*n**2 - 7*n - 4. Let o be 1/((-3)/(-21)) + 0. Let w(s) = s**2 - 9*s + 8. Let v be w(o). Calculate a(v).
2
Suppose 5*k = k + 112. Suppose l = 4*f - k, -f + 0 - 14 = 5*l. Let y(n) = -2*n + 4. Determine y(f).
-8
Let h(p) = 4*p + 6. Suppose -12 = -0*g - 3*g. Let d be 34/(-8) - (-1)/g. Give h(d).
-10
Let k(q) = 2*q**2 + 7*q - 9. Let g(t) = 0*t + 10 - 2*t + 3*t**2 - 6*t**2 - 6*t. Let y(o) = 3*g(o) + 4*k(o). Calculate y(4).
-6
Let m(z) = 5*z**3 - z**2 + 1. Let q(j) = -6*j**3. Let g be q(-1). Let d = g - 3. Suppose 0 = -x - d*x - 4. What is m(x)?
-5
Let q = 45 - 47. Let f(p) = -4*p - 3. Determine f(q).
5
Let n(p) = -4*p**2 + 16*p + 5 + 10*p**2 - 14*p + p**3. Calculate n(-6).
-7
Let k(z) be the third derivative of z**6/120 - 11*z**5/60 + 5*z**4/12 + 7*z**3/6 - 14*z**2 + z. What is k(10)?
7
Let k(i) = -i**2 + 4*i - 3. Let b = 36 + -34. Determine k(b).
1
Let w(y) = 2*y**3 - 3*y**2 + y - 1. Let t be w(2). Let p be (-5)/(-2) - 5/10. Let l(r) = 0*r - r**2 + 4*r**2 - 2*r**p - 5*r. Give l(t).
0
Let n(a) = -a**2 + 2*a + 4. Suppose 5 - 13 = -2*h. Suppose -5*r + h*g = 8, -5*r = -0*r - 5*g + 10. Let j be 2 - r - (-2 + 0). Give n(j).
-4
Let y(k) be the first derivative of -k**5/60 + 5*k**4/24 - k**3/6 - 3*k**2 + 4. Let l(a) be the second derivative of y(a). Determine l(4).
3
Let r(t) = -t**3 - 2*t**2 + t. Let y(j) = 4*j**2 + 2*j - 1. Let o be y(1). Suppose 10*w = o*w - 15. Determine r(w).
6
Suppose -16 = -2*u - 2*u, u - 16 = -4*m. Let j(a) = a**2 - 2*a - 3. Calculate j(m).
0
Let b be (-1)/(2 + 0)*4. Let u(w) = -w**3 - 2*w**2 + 2*w + 3. What is u(b)?
-1
Let n(d) = -2*d + 9. Let k be ((-5)/(-15))/((-4)/(-84)). Calculate n(k).
-5
Let z(d) = -d - 6. Let h(u) = -u. Let a be h(-3). Suppose 2*n - 1 = -a. Let i = n + 1. What is z(i)?
-6
Let p(x) = x. Let m(y) = y + 2. Let t be m(0). Suppose -f = t*f - 12. Suppose 2*v - 10 - 2 = -3*z, -2*z + 8 = f*v. Calculate p(v).
0
Let y(d) = -4*d + 0*d - 10*d + 3. Let m(l) = 5*l - 1. Let i(j) = -17*m(j) - 6*y(j). Suppose o + 1 - 5 = -3*g, -2*g - 4 = 2*o. Determine i(g).
-4
Let s be 2*(-2 + 7/2). Let k(m) = 3 - 3*m + m - 3*m + m + m**2. Determine k(s).
0
Let c be ((-10)/4)/(3/(-6)). Let w(o) = -c - 5 + 3 - o. Give w(-4).
-3
Suppose -10 = -2*t - 6. Let m(c) = 2*c**2 + 3*c - 3. What is m(t)?
11
Let k(x) = 35*x - 1 + 2*x**2 - 78*x - 2 + 38*x - 3*x**2. Let g be ((-12)/(-8))/(3/(-8)). Calculate k(g).
1
Let g = 2 + 3. Let r(f) = 2*f + 1 - 3*f - f + 5. Give r(g).
-4
Let j(c) be the second derivative of c**4/12 - 7*c**3/6 + 5*c**2/2 + 35*c. Determine j(6).
-1
Let z(b) be the first derivative of b**4/12 + b**3/2 + b**2 + 2*b - 1. Let f(l) be the first derivative of z(l). Let o = -13 + 10. What is f(o)?
2
Suppose 0 = 3*r - 4*x + 13, 0 = -r + 2*x - 0*x - 7. Let l(h) = -h**2 + h**2 + h**2 - h - r. What is l(-2)?
5
Let g = -92 - -98. Let z(i) = i**3 - 5*i**2 - 5*i - 4. Give z(g).
2
Let t(a) = -a**3 + 7*a**2 + 4*a - 8. Let u(g) = -2*g**3 + 7*g**2 + 3*g - 8. Let v(q) = -3*t(q) + 2*u(q). Calculate v(-6).
8
Let b(x) = -x + 16. Let r(h) = h - 14. Let v(j) = -3*b(j) - 4*r(j). Suppose -11 = -3*a + 7. Give v(a).
2
Suppose -4*n - 2*c - c + 96 = 0, c + 4 = 0. Suppose -i - 19 = i - 3*m, i - 5*m + n = 0. Let v(w) = w**2 + w. Determine v(i).
2
Let s be (9/(-15))/(3/(-15)). Let x(k) = -k**3 + 3*k**2 + 2*k - 1. Determine x(s).
5
Let b(i) = -3*i - 2*i - 1 - i**2 + 2*i. Let w be b(-3). Let k(m) be the second derivative of -5*m**3/6 - m**2/2 - 2*m. Calculate k(w).
4
Let y(f) = 3*f - 14. Let t be y(6). Let r(h) be the third derivative of 0*h + 0 + 1/8*h**t + 1/60*h**5 + 2*h**2 - 1/2*h**3. Calculate r(-4).
1
Let i = 782 + -787. Let a(r) be the second derivative of r**6/720 + r**5/40 + r**4/12 + r. Let q(t) be the third derivative of a(t). What is q(i)?
-2
Let v(a) = -5*a - 5. Let m(j) = j**2 + 25*j + 26. Let x(q) = 2*m(q) + 11*v(q). Determine x(4).
9
Let o(n) = n**3 + n + 2. Suppose k = -z + 9, k + 36 = 4*z + 2*k. Let w(h) = -h**3 + 8*h**2 + 10*h - 9. Let s be w(z). Determine o(s).
2
Let a = 51 + -49. Let f(v) = 5*v**2 - 21*v + 15. Let s(w) = w**2 - 4*w + 3. Let t(y) = -2*f(y) + 11*s(y). Give t(a).
3
Let v = 11 + -10. Suppose 2*s - 26 = -5*a, 0 = 3*s - 7*a + 2*a + 11. Let u(w) = 2 - s*w - w - 1. Determine u(v).
-3
Suppose -c - c + 4 = 0. Let x(i) = -c*i**3 + 0*i + 3 + i**3 + 5*i**2 - 4*i. Give x(3).
9
Suppose o = 6*o - 25. Let l(w) be the first derivative of -w**5/120 + 5*w**3/3 - 6. Let t(f) be the third derivative of l(f). Calculate t(o).
-5
Let s be (-1 + -22 - -3)/(-2). Let l = -5 + s. Let j(g) = g - 2. Let a(c) = 2*c - 3. Let d(w) = 3*a(w) - 5*j(w). Determine d(l).
6
Suppose 0 = 4*d - w + 32, -d + 0*d - 2*w = -1. Suppose 4*h = 4, -2*r + 0*h - 3*h - 13 = 0. Let n = r - d. Let v(s) = -3*s**2 - 2*s - 1. Give v(n).
-2
Let k = 1 + -6. Let o(m) = m**2 + 6*m + 1. Determine o(k).
-4
Let w(y) = 6*y**2 + 13*y**2 - 2*y - 20*y**2 - 1. What is w(-2)?
-1
Suppose -t - 2*t - 5*z + 8 = 0, 2*t = z - 12. Let b(i) = -i**3 - 3*i**2 + 4*i + 1. Calculate b(t).
1
Let m(o) = -2*o**3 - 2*o**2 - 10*o - 3. Let v(x) = 4*x**3 + 4*x**2 + 21*x + 6. Let p(b) = -13*m(b) - 6*v(b). Give p(-2).
-13
Let j(p) = p**2 + p**2 - p**2 - 2. Let k(f) = f**3 - 2*f**2 - 3*f + 3. Let q(l) = l**2 + l - 3. Let u be q(-3). Let s be k(u). Determine j(s).
7
Suppose 3*a = c + 20, -3*c = 2*a + 8 - 3. Let v = c - -5. Let d(f) = f**2 - 4. Calculate d(v).
-4
Let y(b) = -2*b**3 + 2*b**2 + 6*b + 2. Let i(h) = -h**3 + h**2 + 3*h + 1. Let u(q) = 13*i(q) - 6*y(q). Calculate u(3).
-8
Let j(b) be the third derivative of 5*b**4/24 - b**3/6 + 4*b**2. Determine j(-1).
-6
Let x(u) = -u**2 + 6*u + 4. Let j be x(6). Let r(a) = -a**3 + 3*a**2 + 6*a - 3. What is r(j)?
5
Let s(d) = -13 + 0*d - d + 5. Determine s(6).
-14
Suppose -25 = -7*s + 2*s. Suppose x = -4*x - s. Let q be x/2 - 15/(-6). Let w(b) = -2*b**3 + 3*b**2 - 1. What is w(q)?
-5
Let b(g) be the first derivative of 5 + g + 1/2*g**2. Determine b(3).
4
Suppose -8 = 5*t + 12. Let j(u) = -u + 2. Determine j(t).
6
Suppose 3 = q - 2. Let x(g) be the first derivative of -g**4/4 + 4*g**3/3 + 3*g**2 + 65. Determine x(q).
5
Let n be (-235)/(-45) - ((-7)/9 + 1). Let d(z) = -z**3 + 6*z**2 - 5*z + 6. Determine d(n).
6
Let o(q) = -5*q + 17. Let s be o(3). Let n(k) be the third derivative of 0 - k**3 + 0*k - 3*k**s + 1/24*k**4. Det